{"id":16,"date":"2020-08-11T21:09:44","date_gmt":"2020-08-11T21:09:44","guid":{"rendered":"http:\/\/tvgalaxia.com\/?page_id=16"},"modified":"2022-06-28T22:56:13","modified_gmt":"2022-06-28T22:56:13","slug":"de-interes","status":"publish","type":"page","link":"https:\/\/tvgalaxia.com\/index.php\/de-interes\/","title":{"rendered":"Internet"},"content":{"rendered":"<p>[vc_row][vc_column width=\u00bb1\/4&#8243;][\/vc_column][vc_column width=\u00bb1\/2&#8243;]<div class=\"cq-morecaptionv2 cq-morecaptionv2-avatar-rightbottom cq-morecaptionv2-more-right cq-morecaptionv2-byclick cq-morecaptionv2-shape-rounded \" data-elementheight=\"\" style=\"height:\" data-captionby=\"click\" data-autodelay=\"0\"><div class=\"cq-morecaptionv2-container cq-morecaptionv2-50\"><div class=\"cq-morecaptionv2-cover\" style=\"background-image: url(&quot;https:\/\/tvgalaxia.com\/wp-content\/uploads\/2022\/06\/Install-a-Modem-Step-11-Version-2-scaled.jpg&quot;);background-color:#0b4490;\"><div class=\"cq-morecaptionv2-less\" style=\"padding:;\"><h3 class=\"cq-morecaptionv2-title\" style=\"color:#0b4490;font-size:;background-color:rgba(255,255,255,0.5);\">INSTRUCTIVO RECOLECCI\u00d3N DE EQUIPOS <\/h3><\/div><div class=\"cq-morecaptionv2-avatar\" style=\"background-image: url(&quot;&quot;);background-color:;width:px;height:px;\"><i class=\"cq-morecaptionv2-icon entypo-icon entypo-icon-comment\" style=\"color:#0b4490;font-size:;line-height:px;\"><\/i><\/div><\/div><div class=\"cq-morecaptionv2-content\" style=\"background-color:#0b4490;\"><span style=\"color: #ffffff;\"><strong>A continuaci\u00f3n encontrar\u00e1s el tr\u00e1mite correspondiente para entregar los equipos<\/strong><\/span>[vc_btn title=\"Ver m\u00e1s\" color=\"blue\" style=\"modern\" shape=\"rounded\" link=\"url:http%3A%2F%2Ftvgalaxia.com%2Fwp-content%2Fuploads%2F2022%2F06%2FRECOLECCION-EQUIPO.pdf||target:%20_blank|\" align=\"center\" size=\"sm\"]<div class=\"cq-morecaptionv2-close\"><a class=\"cq-morecaptionv2-closebtn\" href=\"javascript:void(0)\"><i class=\"cq-morecaptionv2-closeicon entypo-icon entypo-icon-cancel\" style=\"color:#ffffff;\"><\/i><\/a><\/div><\/div><\/div><\/div>[\/vc_column][vc_column width=\u00bb1\/4&#8243;][\/vc_column][\/vc_row][vc_row][vc_column][vc_empty_space height=\u00bb80px\u00bb][\/vc_column][\/vc_row][vc_row][vc_column width=\u00bb1\/2&#8243;][vc_empty_space height=\u00bb70px\u00bb][vc_custom_heading text=\u00bbTVGALAXIA est\u00e1 en pro de la prevenci\u00f3n del acceso a la pornograf\u00eda infantil. En los siguientes enlaces encontrar\u00e1 c\u00f3mo bloquear dichas p\u00e1ginas\u00bb font_container=\u00bbtag:h2|font_size:20|text_align:center|color:%230b4490&#8243; use_theme_fonts=\u00bbyes\u00bb][vc_row_inner][vc_column_inner width=\u00bb1\/3&#8243;][vc_single_image image=\u00bb977&#8243; img_size=\u00bb90&#215;90&#8243; alignment=\u00bbcenter\u00bb onclick=\u00bbcustom_link\u00bb link=\u00bbhttps:\/\/www.qustodio.com\/es\/\u00bb][\/vc_column_inner][vc_column_inner width=\u00bb1\/3&#8243;][vc_single_image image=\u00bb977&#8243; img_size=\u00bb100&#215;100&#8243; alignment=\u00bbcenter\u00bb onclick=\u00bbcustom_link\u00bb link=\u00bbhttps:\/\/securekids.es\/\u00bb][\/vc_column_inner][vc_column_inner width=\u00bb1\/3&#8243;][vc_single_image image=\u00bb977&#8243; img_size=\u00bb90&#215;90&#8243; alignment=\u00bbcenter\u00bb onclick=\u00bbcustom_link\u00bb link=\u00bbhttps:\/\/kidoz.net\/parents-corner\/\u00bb][\/vc_column_inner][\/vc_row_inner][\/vc_column][vc_column width=\u00bb1\/2&#8243;]<div class=\"cq-morecaptionv2 cq-morecaptionv2-avatar-rightbottom cq-morecaptionv2-more-right cq-morecaptionv2-byclick cq-morecaptionv2-shape-round \" data-elementheight=\"\" style=\"height:\" data-captionby=\"click\" data-autodelay=\"0\"><div class=\"cq-morecaptionv2-container cq-morecaptionv2-60\"><div class=\"cq-morecaptionv2-cover\" style=\"background-image: url(&quot;https:\/\/tvgalaxia.com\/wp-content\/uploads\/2021\/06\/imagen-tecnologia3.jpg&quot;);background-color:;\"><div class=\"cq-morecaptionv2-less\" style=\"padding:;\"><h3 class=\"cq-morecaptionv2-title\" style=\"color:#ffffff;font-size:;background-color:#a5c130;\">Dispositivos<\/h3><\/div><div class=\"cq-morecaptionv2-avatar\" style=\"background-image: url(&quot;https:\/\/tvgalaxia.com\/wp-content\/uploads\/2021\/06\/equipo1-removebg-preview.png&quot;);background-color:;width:px;height:px;\"><i class=\"cq-morecaptionv2-icon entypo-icon entypo-icon-comment\" style=\"color:;font-size:;line-height:px;\"><\/i><\/div><\/div><div class=\"cq-morecaptionv2-content\" style=\"background-color:;\"><\/p>\n<ol>\n<li style=\"text-align: left;\"><span style=\"color: #000000;\"><strong><a style=\"color: #000000;\" href=\"http:\/\/tvgalaxia.com\/wp-content\/uploads\/2021\/06\/MUL-EPON-OLT800-T-8-OLT-EPON-8-puertos-1U.pdf\">OLT 800<\/a><\/strong><\/span><\/li>\n<li style=\"text-align: left;\"><span style=\"color: #000000;\"><strong><a style=\"color: #000000;\" href=\"http:\/\/tvgalaxia.com\/wp-content\/uploads\/2021\/06\/WK.pdf\">OLT WK<\/a><\/strong><\/span><\/li>\n<li style=\"text-align: left;\"><span style=\"color: #000000;\"><strong><a style=\"color: #000000;\" href=\"http:\/\/tvgalaxia.com\/wp-content\/uploads\/2021\/06\/Router-CCR1016-.pdf\">ROUTER BOARD<\/a><\/strong><\/span><\/li>\n<li style=\"text-align: left;\"><span style=\"color: #000000;\"><strong><a style=\"color: #000000;\" href=\"http:\/\/tvgalaxia.com\/wp-content\/uploads\/2021\/06\/Amplificador-de-senal.pdf\">OPTICAL FIBER AMPLIFIER<\/a><\/strong><\/span><\/li>\n<li style=\"text-align: left;\"><span style=\"color: #000000;\"><strong><a style=\"color: #000000;\" href=\"http:\/\/tvgalaxia.com\/wp-content\/uploads\/2021\/06\/RX8102W-GPON.pdf\">ONT (ONU) RX<\/a><\/strong><\/span><\/li>\n<li style=\"text-align: left;\"><span style=\"color: #000000;\"><strong><a style=\"color: #000000;\" href=\"http:\/\/tvgalaxia.com\/wp-content\/uploads\/2021\/06\/GPON-ONU-HG8546M.pdf\">ONT (ONU) HG<\/a><\/strong><\/span><\/li>\n<\/ol>\n<p>[vc_btn title=\"Lista de dispositivos\" color=\"blue\" style=\"modern\" shape=\"rounded\" link=\"url:http%3A%2F%2Ftvgalaxia.com%2Fwp-content%2Fuploads%2F2021%2F06%2FFORMATO-DISPOSITIVOS-UTILIZADOS-tvgalaxia.pdf|||\" align=\"center\" size=\"sm\"]<div class=\"cq-morecaptionv2-close\"><a class=\"cq-morecaptionv2-closebtn\" href=\"javascript:void(0)\"><i class=\"cq-morecaptionv2-closeicon entypo-icon entypo-icon-cancel\" style=\"color:;\"><\/i><\/a><\/div><\/div><\/div><\/div>[\/vc_column][\/vc_row][vc_row][vc_column width=\u00bb7\/12&#8243;][vc_empty_space height=\u00bb50&#8243;][vc_single_image image=\u00bb976&#8243; img_size=\u00bbfull\u00bb alignment=\u00bbcenter\u00bb onclick=\u00bblink_image\u00bb css_animation=\u00bbfadeIn\u00bb][mvc_advanced_button btn_text=\u00bbVer m\u00e1s\u00bb btn_url=\u00bburl:http%3A%2F%2Ftvgalaxia.com%2Fwp-content%2Fuploads%2F2021%2F06%2FAPROVECHA-AL-MAXIMO-TU-INTERNET-tvgalaxia.pdf|||\u00bb btn_clr=\u00bb#ffffff\u00bb btn_bg=\u00bb#0b4490&#8243; btn_hvrclr=\u00bb#0b4490&#8243; btn_hvrbg=\u00bb#ffffff\u00bb][vc_empty_space height=\u00bb50&#8243;][\/vc_column][vc_column width=\u00bb5\/12&#8243;][vc_empty_space height=\u00bb50&#8243;][vc_empty_space height=\u00bb50&#8243;][vc_empty_space height=\u00bb50&#8243;][vc_custom_heading text=\u00bbEste link sirve para proteger de la violencia sexual en los entornos digitales a los ni\u00f1os, ni\u00f1as y adolescentes de la regi\u00f3n.\u00bb font_container=\u00bbtag:h2|font_size:20|text_align:center|color:%230b4490&#8243; use_theme_fonts=\u00bbyes\u00bb][vc_single_image image=\u00bb1265&#8243; img_size=\u00bb131&#215;90&#8243; alignment=\u00bbcenter\u00bb onclick=\u00bbcustom_link\u00bb link=\u00bbhttps:\/\/teprotejo.org\/\u00bb][\/vc_column][\/vc_row][vc_row][vc_column][vc_tta_tabs color=\u00bbsky\u00bb alignment=\u00bbcenter\u00bb active_section=\u00bb1&#8243; no_fill_content_area=\u00bbtrue\u00bb css=\u00bb.vc_custom_1614789323697{background-position: center !important;background-repeat: no-repeat !important;background-size: cover !important;}\u00bb][vc_tta_section title=\u00bbTIPS para Padres\u00bb tab_id=\u00bb1600123050291-958030d5-8596&#8243;][vc_video link=\u00bbhttps:\/\/www.youtube.com\/watch?v=mexxxkJT-vE&amp;feature=youtu.be\u00bb el_width=\u00bb50&#8243; align=\u00bbcenter\u00bb css=\u00bb.vc_custom_1614786907555{padding-top: 50px !important;padding-right: 50px !important;padding-bottom: 50px !important;padding-left: 50px !important;background-color: #06aefb !important;}\u00bb][\/vc_tta_section][vc_tta_section title=\u00bbNo al bulling\u00bb tab_id=\u00bb1600123050321-19cacf29-0b60&#8243;][vc_video link=\u00bbhttps:\/\/youtu.be\/nlQed6yP2Qw\u00bb el_width=\u00bb50&#8243; el_aspect=\u00bb235&#8243; align=\u00bbcenter\u00bb css=\u00bb.vc_custom_1615492367120{background-color: #06aefb !important;}\u00bb][\/vc_tta_section][vc_tta_section title=\u00bb\u00bfQu\u00e9 es la Pornograf\u00eda Infantil?\u00bb tab_id=\u00bb1600125174785-8d2a62e3-5ea5&#8243;][vc_video link=\u00bbhttps:\/\/youtu.be\/poVVAONMAX4&#8243; el_width=\u00bb50&#8243; el_aspect=\u00bb235&#8243; align=\u00bbcenter\u00bb css=\u00bb.vc_custom_1615492384343{background-color: #06aefb !important;}\u00bb][\/vc_tta_section][vc_tta_section title=\u00bbLey 679&#8243; tab_id=\u00bb1600125570604-da3b9b3d-f9ca\u00bb][vc_video link=\u00bbhttps:\/\/youtu.be\/0UYMh9S91XE\u00bb el_width=\u00bb50&#8243; el_aspect=\u00bb235&#8243; align=\u00bbcenter\u00bb css=\u00bb.vc_custom_1615492402847{background-color: #06aefb !important;}\u00bb][\/vc_tta_section][vc_tta_section title=\u00bbLa TDT\u00bb tab_id=\u00bb1600125847868-38bcc91a-9cae\u00bb][vc_video link=\u00bbhttps:\/\/youtu.be\/QjUSckQlIoU\u00bb el_width=\u00bb50&#8243; el_aspect=\u00bb235&#8243; align=\u00bbcenter\u00bb css=\u00bb.vc_custom_1615492418319{background-color: #06aefb !important;}\u00bb][\/vc_tta_section][vc_tta_section title=\u00bbDelitos Inform\u00e1ticos\u00bb tab_id=\u00bb1600126031656-034cf3d7-f702&#8243;][vc_video link=\u00bbhttps:\/\/youtu.be\/Nujvp9-Fplc\u00bb el_width=\u00bb50&#8243; el_aspect=\u00bb235&#8243; align=\u00bbcenter\u00bb css=\u00bb.vc_custom_1615492432535{background-color: #06aefb !important;}\u00bb][\/vc_tta_section][vc_tta_section title=\u00bbControl Parental\u00bb tab_id=\u00bb1600126180558-c62f7488-c4bf\u00bb][vc_video link=\u00bbhttps:\/\/youtu.be\/nBSGlu8O3LQ\u00bb el_width=\u00bb50&#8243; el_aspect=\u00bb235&#8243; align=\u00bbcenter\u00bb css=\u00bb.vc_custom_1615492448449{background-color: #06aefb !important;}\u00bb][\/vc_tta_section][vc_tta_section title=\u00bbCuidados en la web\u00bb tab_id=\u00bb1600126438832-ae1aaa86-b08d\u00bb][vc_images_carousel images=\u00bb441,442,443,444,445,446&#8243; img_size=\u00bbfull\u00bb autoplay=\u00bbyes\u00bb wrap=\u00bbyes\u00bb css=\u00bb.vc_custom_1615492464392{padding-left: 160px !important;background-color: #06aefb !important;}\u00bb][\/vc_tta_section][\/vc_tta_tabs][\/vc_column][\/vc_row]<\/p>\n","protected":false},"excerpt":{"rendered":"<p>[vc_row][vc_column width=\u00bb1\/4&#8243;][\/vc_column][vc_column width=\u00bb1\/2&#8243;][\/vc_column][vc_column width=\u00bb1\/4&#8243;][\/vc_column][\/vc_row][vc_row][vc_column][vc_empty_space height=\u00bb80px\u00bb][\/vc_column][\/vc_row][vc_row][vc_column width=\u00bb1\/2&#8243;][vc_empty_space height=\u00bb70px\u00bb][vc_custom_heading text=\u00bbTVGALAXIA est\u00e1 en pro de la prevenci\u00f3n del acceso a la pornograf\u00eda infantil. En los siguientes enlaces encontrar\u00e1 c\u00f3mo bloquear dichas p\u00e1ginas\u00bb font_container=\u00bbtag:h2|font_size:20|text_align:center|color:%230b4490&#8243; use_theme_fonts=\u00bbyes\u00bb][vc_row_inner][vc_column_inner width=\u00bb1\/3&#8243;][vc_single_image image=\u00bb977&#8243; img_size=\u00bb90&#215;90&#8243; alignment=\u00bbcenter\u00bb onclick=\u00bbcustom_link\u00bb link=\u00bbhttps:\/\/www.qustodio.com\/es\/\u00bb][\/vc_column_inner][vc_column_inner width=\u00bb1\/3&#8243;][vc_single_image image=\u00bb977&#8243; img_size=\u00bb100&#215;100&#8243; alignment=\u00bbcenter\u00bb onclick=\u00bbcustom_link\u00bb link=\u00bbhttps:\/\/securekids.es\/\u00bb][\/vc_column_inner][vc_column_inner width=\u00bb1\/3&#8243;][vc_single_image image=\u00bb977&#8243; img_size=\u00bb90&#215;90&#8243; alignment=\u00bbcenter\u00bb onclick=\u00bbcustom_link\u00bb link=\u00bbhttps:\/\/kidoz.net\/parents-corner\/\u00bb][\/vc_column_inner][\/vc_row_inner][\/vc_column][vc_column width=\u00bb1\/2&#8243;][\/vc_column][\/vc_row][vc_row][vc_column width=\u00bb7\/12&#8243;][vc_empty_space height=\u00bb50&#8243;][vc_single_image image=\u00bb976&#8243; img_size=\u00bbfull\u00bb alignment=\u00bbcenter\u00bb [&hellip;]<\/p>\n","protected":false},"author":2,"featured_media":0,"parent":0,"menu_order":0,"comment_status":"closed","ping_status":"closed","template":"","meta":{"sfsi_plus_gutenberg_text_before_share":"","sfsi_plus_gutenberg_show_text_before_share":"","sfsi_plus_gutenberg_icon_type":"","sfsi_plus_gutenberg_icon_alignemt":"","sfsi_plus_gutenburg_max_per_row":""},"_links":{"self":[{"href":"https:\/\/tvgalaxia.com\/index.php\/wp-json\/wp\/v2\/pages\/16"}],"collection":[{"href":"https:\/\/tvgalaxia.com\/index.php\/wp-json\/wp\/v2\/pages"}],"about":[{"href":"https:\/\/tvgalaxia.com\/index.php\/wp-json\/wp\/v2\/types\/page"}],"author":[{"embeddable":true,"href":"https:\/\/tvgalaxia.com\/index.php\/wp-json\/wp\/v2\/users\/2"}],"replies":[{"embeddable":true,"href":"https:\/\/tvgalaxia.com\/index.php\/wp-json\/wp\/v2\/comments?post=16"}],"version-history":[{"count":47,"href":"https:\/\/tvgalaxia.com\/index.php\/wp-json\/wp\/v2\/pages\/16\/revisions"}],"predecessor-version":[{"id":1411,"href":"https:\/\/tvgalaxia.com\/index.php\/wp-json\/wp\/v2\/pages\/16\/revisions\/1411"}],"wp:attachment":[{"href":"https:\/\/tvgalaxia.com\/index.php\/wp-json\/wp\/v2\/media?parent=16"}],"curies":[{"name":"wp","href":"https:\/\/api.w.org\/{rel}","templated":true}]}}